 = 39*a + 19. Is q(10) composite?
False
Let z(u) = -u**3 - u**2 + 148. Let q be z(0). Let p be q/5 - (-4)/10. Suppose 0 = x - 115 - p. Is x a composite number?
True
Suppose 5*s - 77 = -w + 3*s, 3*s = w - 97. Is w a composite number?
True
Let k = 2518 + 2154. Suppose 6*n + 526 - k = 0. Is n prime?
True
Suppose -z - 3 = -6, 0 = 5*u + 3*z + 96. Let y be (3 - 4)/(1/u). Suppose l + y = 2*l. Is l composite?
True
Let u be (-2)/13 + 28/13. Suppose -4*h - 30 = 2*p, 4*p = -p - u*h - 99. Is 0*(2 - 3) - p composite?
True
Suppose 5*i = 2*a + 5495, -8*a - 5510 = -5*i - 3*a. Is i a prime number?
True
Let u(h) = -h**3 + 2*h**2 + 2*h - 1. Let x be u(2). Let k be (1 - -1)/(x/78). Suppose -6*g + 2*g = -k. Is g prime?
True
Suppose -157 = -5*s + 18. Is s composite?
True
Let h = -38 + 26. Let o = h + 11. Is (163 + 0)*(o - -2) prime?
True
Suppose 9 = -3*s, 0 = -5*a + 5*s - 8 + 58. Let x(q) = a*q**2 + 0*q**2 + 0 + q + q + 1. Is x(-1) a prime number?
False
Let q(a) = 4*a + 9. Let y(t) = 3*t + 8. Let w(r) = -5*q(r) + 6*y(r). Let l be w(2). Is l/(-2) + (-86)/(-4) a composite number?
True
Let u = 2 + 2. Suppose 2*z + 444 = u*z. Is 2*(-3)/(-12)*z composite?
True
Let w = -81 + 186. Suppose 566 = 5*v + 3*x, 3*v - x - 453 + w = 0. Is v prime?
False
Let b(s) be the second derivative of 7*s**4/4 - s**3/2 + s**2/2 - 4*s. Is b(2) prime?
True
Let b(p) = 94*p + 4. Let x be b(3). Let y = -171 - 0. Let n = x + y. Is n a prime number?
False
Suppose -5*j + 4*j - 5*s = -86, j - 91 = -4*s. Is j prime?
False
Let c = 219 + 602. Is c a composite number?
False
Is 21/(3 + 0)*11 prime?
False
Let w(i) = -i - 2. Let c be w(-7). Suppose 645 = 6*g - g + 4*h, -3*h = -c*g + 680. Is g a prime number?
False
Let j(k) = k - 1. Let i be j(5). Let m = -6 + 11. Let x = i + m. Is x a prime number?
False
Let r(c) = -c + 1. Let w be r(-3). Suppose u + w*u = 1010. Is u + 0 + 3/(-3) prime?
False
Suppose -1137 = -f - 226. Is f a composite number?
False
Let i = 18 - 4. Let g be (-16)/(-7) + (-4)/i. Suppose 0 = z - 0*w + 2*w - 17, g*w = -2*z + 28. Is z prime?
True
Suppose 2*j - 487 = -51. Is j a composite number?
True
Let f = -36 + 82. Is f a prime number?
False
Suppose -6*j - 83 = -7*j. Is j a prime number?
True
Let k(j) = 4*j**2 + 6*j - 5. Is k(4) a prime number?
True
Suppose 3*q = 2*i - 20, -4*i - 2*q + 9 = 1. Suppose -2*m - 4*o + 154 = 0, i*m - o + 4*o - 328 = 0. Is m composite?
True
Let r(q) = q**2 - 5*q + 1. Let t(l) = -3*l + 2. Let h be t(2). Let d be r(h). Is d - ((-2)/(-1) - 2) composite?
False
Let k be 2 + (1 - -6) + 0. Let h be 16/6*k/6. Suppose 0 = -o - 3*v + 7, -h*o + 78 = -0*v + 2*v. Is o composite?
True
Let w = 72 - -259. Is w composite?
False
Let l(p) = -p**2 + 9*p - 6. Let j be l(7). Suppose -105 = 3*u - j*u. Is u composite?
True
Let j(w) = -155*w + 29. Is j(-12) prime?
True
Let r(m) = 9*m + 15. Let d(f) = 4*f + 7. Let w(s) = -5*d(s) + 2*r(s). Is w(-6) a prime number?
True
Suppose 0*b - 1589 = -b. Is b a composite number?
True
Suppose -2*y = 2*k + 3*y - 16, 7 = 5*k - 4*y. Suppose 48 = k*i + 9. Is i a prime number?
True
Suppose y - 12 = -2*a - 2*y, a = -2*y + 7. Let v(s) = s**2 + s - 1. Let c be v(a). Suppose -5*q - c = -1, 3*j - 51 = -3*q. Is j prime?
True
Let s(b) = 5*b**3 - 10*b**2 + 9*b + 9. Let h(y) = -9*y**3 + 20*y**2 - 17*y - 18. Let q(p) = 4*h(p) + 7*s(p). Is q(8) composite?
False
Suppose v + 282 = -2*v. Is 5/(-15) - v/3 prime?
True
Let j(w) = -w**3 - 15*w**2 - 13*w + 20. Let h be j(-14). Suppose 0 = h*p - 11*p + 230. Is p a composite number?
True
Is (1 - 58/(-1))/(13/13) a prime number?
True
Is (-1 - 0)*35/(-14)*46 a composite number?
True
Let x be (6 + -4)/(2/(-8)). Let k be ((-6)/(-5))/(x/(-60)). Let h = 19 - k. Is h prime?
False
Let k(i) be the third derivative of -4*i**4/3 - i**3/6 - 2*i**2. Is k(-3) a prime number?
False
Let l be -3 - (-50)/(-3 + 5). Suppose 20*d + 194 = l*d. Is d prime?
True
Let w = -27 - -34. Is w prime?
True
Let b = -78 + 283. Is b prime?
False
Let t(b) = -33*b + 3. Let g be t(13). Let h = 677 + g. Is h composite?
False
Let m(a) = -a**2 - 6*a + 10. Let c be m(-8). Let d be (9/(-6))/(c/(-8)). Is (-2 - 612)*1/d composite?
False
Suppose -15*v = -17*v + 682. Is v prime?
False
Let u(r) = -r**2 - 3*r - 3. Let n be u(-3). Let l = n + 2. Is 1*(-5 - 2)/l a composite number?
False
Let b = 11057 + -7100. Is b prime?
False
Let f(v) = -5*v. Let y be f(-1). Let b(d) = -7*d. Let q be b(-4). Suppose -2*k - 3*s = -5*s - q, 5*k = -y*s + 40. Is k a composite number?
False
Let o be 0 - 1 - 1/(-1). Suppose 30 = -g + y - 0*y, o = 4*g + 5*y + 120. Is (-1)/(4/g)*2 a prime number?
False
Let u = -2 + 10. Suppose -u = -4*w - 0*w. Suppose -d = 2*k + 2*d - 148, 3*d + 160 = w*k. Is k composite?
True
Suppose -5*u + 2*v = -172, -13 - 23 = -u + 2*v. Is u/3*3/1 a prime number?
False
Let g(q) = q**3 + 19*q**2 - 4*q + 19. Is g(-18) prime?
False
Let c(n) = 2 + 9 - 11*n**2 + n + n**3 + 3*n**2. Let b be c(8). Let j = b - 0. Is j prime?
True
Let d(a) = -107*a**3 + 3*a**2 + 5*a - 4. Is d(-3) prime?
True
Suppose -q + 0 = 1. Is (-47)/(-2)*(3 + q) composite?
False
Suppose -2*i + 2722 = 3*r, 5*i + 3*r - 4083 = 2*i. Is i prime?
True
Let g be (3/2)/(6/72). Let p = g - -85. Suppose -p = -3*v + c + 3*c, v - 3*c - 31 = 0. Is v composite?
False
Let w(m) = -m - 20. Let h be w(-10). Let p = 7 + -4. Let x = p - h. Is x composite?
False
Let s be -2 - -71 - 2/(-1). Suppose -s = -3*r - w + 38, 5*r - 185 = -5*w. Suppose x - 4*x + 3*y = -r, 4*y - 12 = 0. Is x prime?
False
Let z(a) = 2*a**3 - 6*a**2 - 7*a. Let d be z(5). Suppose -2*b = 68 - 272. Let l = b - d. Is l composite?
False
Let v = 0 - -2. Suppose 0 = u + v*u - 12. Is u/(-12) + (-46)/(-3) a composite number?
True
Suppose -13*g + 415 = -8*g. Is g prime?
True
Let k(b) = -38*b + 7. Is k(-6) prime?
False
Suppose 3*f + 5*g = 111, -2*f - 7 + 81 = 2*g. Is f composite?
False
Suppose -h - 575 = -9*s + 4*s, 0 = -4*h. Is s a prime number?
False
Let x(p) = 2*p**3 - 3*p**2 + 5*p + 4. Let r be x(4). Suppose -l - 4*l - 5 = 0, 0 = -i - 5*l + r. Is i a prime number?
True
Let f(o) = -o**3 - 2*o**2 + 7*o - 10. Let b be f(7). Is b/(-9)*9/6 prime?
True
Suppose 165 = 3*i + 3*j, 70 = 2*i - 2*j - 48. Is i prime?
False
Suppose -3*a + 16 = 4*y - 16, -2*a - 17 = -5*y. Suppose -5*h + 265 = 5*f, -a*f + 258 = f - 2*h. Suppose 0*k = -2*k + f. Is k prime?
False
Let c(k) = k + 79. Let f be 2 - (0 + 6/3). Is c(f) a prime number?
True
Suppose n = 2*n - 5*g - 157, -3*n - 3*g + 471 = 0. Is n a prime number?
True
Suppose 4*k - 24 = 2*c, -5*c = -5*k + 31 + 9. Suppose q - s = k, 0*s = -2*s. Suppose -2 = 2*w, 2 = -q*h + 2*w + 48. Is h composite?
False
Let p(t) = -36*t + 5. Is p(-9) composite?
True
Is 46*-1*(8 - 9) a prime number?
False
Suppose -3*g + r = -3 - 8, -4*g + 15 = -r. Let s be g/(-14) - 254/(-7). Is s + (-3)/6*-2 a composite number?
False
Let u be 4*1/(-2) - 20. Is u/77 + (-816)/(-14) a composite number?
True
Let n be (-1)/2*1*0. Let u = 3 + n. Suppose g = -u*g + 476. Is g a prime number?
False
Suppose -q - 4*a = -335, 0 = 4*q + 4*a - 860 - 468. Is q a prime number?
True
Let m = -256 - -113. Let i = m + 222. Is i prime?
True
Suppose 0 = -26*n + 25*n + 1651. Is n composite?
True
Let z(c) = c**2 - 4*c - 7. Let y be z(6). Let p(q) = -5 + 7*q + q - y + 1. Is p(6) composite?
True
Suppose -5 = 4*o - 9*o - 3*z, -3*o - z + 7 = 0. Suppose 86 = -o*y - 94. Let v = 71 + y. Is v composite?
True
Let o = -1129 + 2496. Is o composite?
False
Let v(h) = -h**3 + 7*h**2 - h - 7. Let s be v(6). Let u = 2 - 0. Suppose u*z + s = 139. Is z a composite number?
True
Suppose -12 = -4*q + 4. Suppose 0 = -2*o - 4*c + 502, 3*o - 176 - 617 = q*c. Is o a prime number?
False
Suppose -3*b + 760 = 2*q + 181, -q + 576 = 3*b. Is b composite?
False
Suppose -3*p + 7*p - 8 = 0. Is 0/p + 3 + 156 a composite number?
True
Let u be (-2)/1 - (-4 - 0). Is u + 52 + -3 - -2 a composite number?
False
Let c(p) = -p**2 - 6*p + 3. Let x be c(-6). Is (3 - (-84)/9)*x a composite number?
False
Suppose 5*s = 4*h + 639, 3*s - h - 319 = 70. Is s prime?
True
Let h be (-3)/(-2) + (-651)/(-14). Let t = 67 - h. Is t a prime number?
True
Let m(j) be the second derivative of j**8/6720 - j**7/420 + j**6/180 + j**5/60 + j**4/6 + 4*j. Let i(d) be the third derivative of m(d). Is i(6) a prime number?
False
Let j = -12 - -18. Is (4/j)/((-4)/(-666)) a prime n